51 is divided by 25269?
44
Calculate the remainder when 4526 is divided by 354.
278
What is the remainder when 7529 is divided by 379?
328
What is the remainder when 22313 is divided by 4?
1
Calculate the remainder when 1390 is divided by 296.
206
What is the remainder when 653552 is divided by 119?
4
What is the remainder when 2065 is divided by 396?
85
What is the remainder when 29597 is divided by 185?
182
Calculate the remainder when 211843 is divided by 171.
145
Calculate the remainder when 10536 is divided by 1502.
22
What is the remainder when 9104 is divided by 33?
29
What is the remainder when 20155 is divided by 446?
85
Calculate the remainder when 7551013 is divided by 509.
507
What is the remainder when 1569468 is divided by 523150?
18
Calculate the remainder when 547184 is divided by 131.
128
What is the remainder when 121172 is divided by 204?
200
What is the remainder when 15653 is divided by 711?
11
What is the remainder when 3967 is divided by 560?
47
Calculate the remainder when 9144 is divided by 9109.
35
Calculate the remainder when 4229 is divided by 1316.
281
Calculate the remainder when 4237246 is divided by 85.
81
What is the remainder when 757591 is divided by 1866?
1861
What is the remainder when 94738 is divided by 26?
20
What is the remainder when 47779 is divided by 13?
4
What is the remainder when 69541 is divided by 23180?
1
Calculate the remainder when 9239 is divided by 220.
219
Calculate the remainder when 813129 is divided by 31.
30
Calculate the remainder when 3644 is divided by 603.
26
What is the remainder when 16563 is divided by 789?
783
What is the remainder when 2671 is divided by 2541?
130
Calculate the remainder when 10942 is divided by 66.
52
What is the remainder when 28452 is divided by 21?
18
What is the remainder when 37289 is divided by 22?
21
What is the remainder when 25179 is divided by 55?
44
What is the remainder when 54603 is divided by 34?
33
What is the remainder when 61188 is divided by 850?
838
What is the remainder when 88648 is divided by 10?
8
Calculate the remainder when 37945 is divided by 18971.
3
Calculate the remainder when 1666 is divided by 352.
258
Calculate the remainder when 767338 is divided by 449.
446
Calculate the remainder when 2683 is divided by 2633.
50
Calculate the remainder when 24104 is divided by 34.
32
What is the remainder when 3873 is divided by 33?
12
What is the remainder when 4558 is divided by 228?
226
Calculate the remainder when 37476 is divided by 12492.
0
What is the remainder when 9112 is divided by 6?
4
What is the remainder when 43561 is divided by 264?
1
What is the remainder when 83311 is divided by 39?
7
Calculate the remainder when 4295 is divided by 714.
11
What is the remainder when 40012 is divided by 65?
37
Calculate the remainder when 20584 is divided by 20583.
1
What is the remainder when 1024 is divided by 215?
164
Calculate the remainder when 10482 is divided by 222.
48
Calculate the remainder when 7918 is divided by 1822.
630
What is the remainder when 11596 is divided by 5792?
12
Calculate the remainder when 4389 is divided by 41.
2
What is the remainder when 93486 is divided by 33?
30
Calculate the remainder when 389877 is divided by 20.
17
What is the remainder when 19253 is divided by 61?
38
Calculate the remainder when 12298 is divided by 348.
118
What is the remainder when 4726 is divided by 185?
101
What is the remainder when 4514777 is divided by 1922?
1921
What is the remainder when 266552 is divided by 44413?
74
What is the remainder when 80896 is divided by 76?
32
What is the remainder when 170193 is divided by 22?
1
What is the remainder when 2544 is divided by 634?
8
Calculate the remainder when 30151 is divided by 208.
199
What is the remainder when 58839 is divided by 530?
9
What is the remainder when 4038 is divided by 138?
36
Calculate the remainder when 260618 is divided by 720.
698
Calculate the remainder when 2433 is divided by 2342.
91
What is the remainder when 8673 is divided by 4143?
387
Calculate the remainder when 254148 is divided by 38.
4
Calculate the remainder when 346 is divided by 232.
114
What is the remainder when 116398 is divided by 19399?
4
Calculate the remainder when 1172 is divided by 318.
218
What is the remainder when 376816 is divided by 37?
8
What is the remainder when 318016 is divided by 159003?
10
What is the remainder when 37438 is divided by 120?
118
What is the remainder when 243440 is divided by 48?
32
Calculate the remainder when 11918 is divided by 1266.
524
What is the remainder when 612378 is divided by 53?
16
Calculate the remainder when 3698 is divided by 537.
476
Calculate the remainder when 19397 is divided by 72.
29
What is the remainder when 33305 is divided by 178?
19
What is the remainder when 20204 is divided by 424?
276
Calculate the remainder when 4591 is divided by 417.
4
Calculate the remainder when 99166 is divided by 2.
0
Calculate the remainder when 25265 is divided by 1010.
15
What is the remainder when 47617 is divided by 7?
3
What is the remainder when 524462 is divided by 65554?
30
Calculate the remainder when 37428 is divided by 37412.
16
What is the remainder when 329 is divided by 11?
10
Calculate the remainder when 856609 is divided by 9.
7
What is the remainder when 711843 is divided by 1644?
1635
What is the remainder when 2294059 is divided by 48?
43
Calculate the remainder when 6091 is divided by 908.
643
What is the remainder when 22440 is divided by 4487?
5
Calculate the remainder when 4880 is divided by 19.
16
What is the remainder when 1328 is divided by 250?
78
What is the remainder when 8110 is divided by 8094?
16
What is the remainder when 38851 is divided by 100?
51
Calculate the remainder when 16641 is divided by 438.
435
Calculate the remainder when 242299 is divided by 242240.
59
Calculate the remainder when 53264 is divided by 335.
334
What is the remainder when 13562 is divided by 102?
98
What is the remainder when 2437759 is divided by 80?
79
What is the remainder when 811789 is divided by 4485?
4
What is the remainder when 260097 is divided by 12?
9
What is the remainder when 11470 is divided by 230?
200
Calculate the remainder when 23315 is divided by 4.
3
Calculate the remainder when 338216 is divided by 21.
11
Calculate the remainder when 3331 is divided by 664.
11
What is the remainder when 70509 is divided by 13?
10
Calculate the remainder when 9477 is divided by 9.
0
What is the remainder when 3762 is divided by 930?
42
What is the remainder when 6973 is divided by 247?
57
What is the remainder when 4039 is divided by 3691?
348
Calculate the remainder when 744810 is divided by 24.
18
Calculate the remainder when 682205 is divided by 1381.
1372
What is the remainder when 465 is divided by 148?
21
Calculate the remainder when 4179 is divided by 74.
35
What is the remainder when 26458 is divided by 19?
10
What is the remainder when 2483 is divided by 23?
22
What is the remainder when 6706 is divided by 836?
18
What is the remainder when 149770 is divided by 41?
38
Calculate the remainder when 123048 is divided by 5.
3
What is the remainder when 701229 is divided by 7?
4
Calculate the remainder when 26731 is divided by 26668.
63
Calculate the remainder when 121246 is divided by 8.
6
Calculate the remainder when 254442 is divided by 496.
490
Calculate the remainder when 11140 is divided by 5561.
18
What is the remainder when 1558 is divided by 294?
88
Calculate the remainder when 140274 is divided by 27.
9
What is the remainder when 209997 is divided by 125?
122
What is the remainder when 2399613 is divided by 192?
189
What is the remainder when 2566 is divided by 41?
24
What is the remainder when 426878 is divided by 72?
62
What is the remainder when 3354 is divided by 1048?
210
What is the remainder when 808 is divided by 81?
79
Calculate the remainder when 61219 is divided by 10202.
7
What is the remainder when 140219 is divided by 64?
59
Calculate the remainder when 33093 is divided by 140.
53
Calculate the remainder when 5231506 is divided by 1367.
1364
What is the remainder when 252638 is divided by 165?
23
Calculate the remainder when 214062 is divided by 1115.
1097
What is the remainder when 71403 is divided by 3?
0
Calcula